-3*v = -0*v - 6. Suppose v - 7 = -l. Suppose -2*m = 2*d - 24, 2*d + 3*m - 28 = -l. What is the units digit of d?
3
Suppose 0 - 4 = 4*u - 4*c, 4*u + 2*c - 20 = 0. Let f be (u/1)/(6/4). What is the units digit of (6/(-9))/(f/(-21))?
7
Let o(x) = -4*x**2 - 1. Let c be o(-1). Let a = c + 12. What is the units digit of a?
7
Suppose -c = d - 5, -21 = -4*d + 3*c - 6*c. What is the units digit of d?
6
Suppose 2*p + 44 = 5*g + 139, 3*g = -3*p + 132. Let s = -2 - -4. Suppose -2*i - s*j - p = -7*i, 4*j - 1 = -3*i. What is the units digit of i?
7
Let c(i) = i + 2. Let b be c(5). Suppose b*y = 5*y + 36. What is the tens digit of y?
1
Suppose -a + 3*a = 0. Suppose -260 = -5*i - a*i. Suppose 0 = -4*p - 5*j + i + 1, 15 = 5*p - 4*j. What is the units digit of p?
7
Suppose 19*h - 169 = 154. What is the tens digit of h?
1
Suppose -4*z - 255 = -27. Suppose 0 = -2*q - 5*m - 0 - 3, 21 = 2*q - 3*m. What is the units digit of q/(-8) - z/12?
4
Let t(x) = -2 + 0 + 4*x - 3*x. Let s be t(4). Suppose -y + 1 = -s. What is the units digit of y?
3
Suppose 4*m = -4*s - 9 + 33, 2*s - 6 = 4*m. What is the tens digit of m + 3/(6/26)?
1
Let z(o) be the third derivative of -o**4/12 - 13*o**3/6 + o**2. What is the units digit of z(-10)?
7
Suppose -2*b = -4, 2*c - 5*b = -2*b + 36. What is the tens digit of c?
2
Let q = -1 - 2. Let u be (-6)/q*(1 - 0). Suppose -u*v + 14 + 2 = 0. What is the units digit of v?
8
Let u = -68 + 103. What is the tens digit of u?
3
Suppose -18 = -4*l + 3*o, -2*l - 3*l - 5*o + 5 = 0. Suppose 9 = 3*d + h, 4*d = 3*h + 9 + l. Suppose 5*z + d - 8 = 0. What is the units digit of z?
1
Let d(s) = 2*s**2 + 3*s + 3. Let f be d(-3). Let a be (-10)/(-3)*f/5. Let m = -4 + a. What is the units digit of m?
4
What is the tens digit of 3 - (-2 + -1 - 17)?
2
Suppose 3*z + 2*z + 125 = 0. Suppose 4*l = -4*b + 24, -5*b - l = l - 36. What is the units digit of (-2)/b - z/4?
6
Let y(c) = 71*c**3 - 2*c**2 + 2*c - 1. What is the tens digit of y(1)?
7
Let i(s) = 3*s - 1. Let w(p) = -4*p + 1. Let u(b) = -3*i(b) - 4*w(b). What is the units digit of u(1)?
6
Let q = -222 + 397. What is the hundreds digit of q?
1
Let z(s) = -s**2 - 9*s + 7. Let y be z(-8). Let x = y - 8. Let j(i) = i**3 - 7*i**2 + i - 2. What is the units digit of j(x)?
5
Suppose 5*w - 2*c = -0*w + 204, -72 = -2*w + 4*c. What is the units digit of w?
2
Let k be (-39)/(-12) - 3/12. Suppose 47 = k*f + 8. What is the units digit of f?
3
Suppose 9*q - 4*q - 50 = 0. What is the tens digit of (2 + q/(-4))*-26?
1
Suppose -2*o = -5*o + 15. Suppose a - 11 = -o*k, -4*k + 5*a + 5 = k. Suppose k = 3*h - 10. What is the units digit of h?
4
What is the tens digit of (80/25)/((-8)/(-60))?
2
Let k(r) = -r**3 + 6*r**2 + r + 4. What is the units digit of k(3)?
4
Suppose 10*p = 14*p - 264. What is the units digit of p?
6
Let c = 12 - 5. Suppose g - 30 = -c. Suppose -5*m - s = -g, 2*m + 0*s + 3*s = 4. What is the units digit of m?
5
Let p(q) be the second derivative of 0 + 1/6*q**3 - 2*q**2 + 2*q. What is the units digit of p(5)?
1
Let o(q) = -q**2 - 29*q + 18. What is the units digit of o(-22)?
2
Let w be (12/10)/(3/10). Let r(a) = a**3 - 4*a**2 + 3*a - 4. Let k be r(w). Suppose -10 = -3*c + k. What is the units digit of c?
6
Suppose -254 - 518 = -4*r. Suppose -49 - 109 = -4*v + 2*i, 5*v - i = r. What is the tens digit of v?
3
Let h = 171 + 143. What is the tens digit of h?
1
Let u(w) = -w**3 - 5*w**2 - 4*w - 1. Let s be u(-4). What is the units digit of 5 + (s + -2 - -2)?
4
Let l = -3 + 5. Suppose 0 = 5*t - 72 + l. What is the tens digit of t?
1
Suppose -5*a - 30 = -6*x + 2*x, -a - 27 = -5*x. Suppose -f + 4*f + 15 = 0, -3*h + 40 = -5*f. Let k = a + h. What is the units digit of k?
3
Let x be (-2)/(-12) - (-35)/6. Let o = -4 + x. Let n(f) = 2*f**3 - 2*f**2 + 3*f - 2. What is the units digit of n(o)?
2
Let z = -1 - -41. Let p = z + -15. What is the units digit of p?
5
Suppose r + 32 + 3 = 2*l, 0 = 5*l - 5*r - 100. Suppose 5*y + 31 = 2*v, 0 = y + 3*v + v + l. Let u = 16 + y. What is the units digit of u?
9
Let o(m) be the second derivative of -m**3/6 - 2*m**2 + 2*m. Let h be o(-3). Let x(f) = -5*f**3 - f**2 - f - 1. What is the units digit of x(h)?
4
Let v be 1*(-2 + 1)*-4. Suppose v*k = k. Suppose 0 = -k*m + 2*m - 34. What is the tens digit of m?
1
Suppose -3*c = -4*c - 9. Let r be -6*10/8*-2. Let s = c + r. What is the units digit of s?
6
Suppose o - g = 12, 5*o - g = -2*g + 60. What is the tens digit of o?
1
Let t = -14 + 21. What is the units digit of t?
7
Suppose 5*i = 4 + 66. What is the tens digit of i?
1
Let o(z) = -z**3 - 3*z**2 - 4*z - 4. Let a = 0 - 3. What is the units digit of o(a)?
8
Suppose 3*w - w = -3*x + 6, 3*x - w - 15 = 0. What is the units digit of x?
4
Suppose -2 + 6 = a, 0 = 4*u + 4*a - 56. Suppose 3*v - 2 = u. Suppose 3*s = -3*f + 1 - 7, v*s + 2*f - 2 = 0. What is the units digit of s?
3
Suppose 2*w = 2*o - 22, 3*w - 4*o = -2*o - 32. Let c = w + 13. What is the units digit of (-3 - 6)*(-2)/c?
6
Suppose -q = q - 6. Let k(h) be the third derivative of -h**6/120 + h**5/20 + h**4/12 + h**2. What is the units digit of k(q)?
6
Let i = -2 - 0. Let q(k) = -k**3 + 2*k - 1. Let d be q(i). Suppose -2*n + 45 = d. What is the units digit of n?
1
Let f = 22 - -29. What is the units digit of f?
1
Suppose -p - 8 = -3*p. Suppose p*n = i - 22, 5*i = 2*n + 37 + 19. What is the units digit of i/3*(-48)/(-20)?
8
Let p(g) = 7*g**2 - 3*g + 18. What is the tens digit of p(3)?
7
Suppose -2*x = -l, x + 40 = -3*l - 3*x. Suppose 4*g = -g + 20, 5*g - 18 = -u. What is the units digit of u/l - 21/(-12)?
2
Suppose 2*l = 2*x - 3*x - 7, 3*l - 5*x - 22 = 0. Let i = 22 - 11. Let k = i + l. What is the units digit of k?
0
Let t(o) = o**2 + 2*o. Let g be t(-2). Suppose -s + 2*s - 6 = g. What is the units digit of 46/s + (-2)/(-6)?
8
Let m(y) = -y**3 + 3*y**2 + y + 3. What is the units digit of m(3)?
6
Let q be ((-5)/(-15))/((-1)/(-6)). Suppose 0 = -3*a + 10 + q, 4*t - 8 = -2*a. Suppose t*w - 2*w = -30. What is the units digit of w?
5
Suppose 2*a - a = 25. What is the tens digit of a?
2
Let l(o) = 2*o - 3. Suppose -3*p = -5*p + f + 13, -21 = -3*p + 3*f. What is the units digit of l(p)?
9
Let c be (-100)/(-2) - (-5 + 7). Suppose -j + c = 3*j. Suppose 2*l = -4*p + 6*p, -3*l + j = p. What is the units digit of l?
3
Let k = 353 + -212. What is the hundreds digit of k?
1
Suppose -4*o + 0 = -8. Suppose -u - 27 = o*u. Let i = u + 17. What is the units digit of i?
8
Let p(j) = j - 14. Let h be p(0). Let y(f) = -f**2 - 17*f - 6. What is the units digit of y(h)?
6
Let u be ((-4)/(-6))/((-4)/(-18)). Suppose -2*y - u*y = -a - 67, -4*y + 58 = -3*a. What is the tens digit of y?
1
Suppose 4*k + 296 = 2*w, -2*w = -7*w - 5*k + 725. What is the hundreds digit of w?
1
Let f = -28 + 58. Let h = -19 + f. What is the units digit of h?
1
Suppose 5*f - 45 = 300. What is the units digit of f?
9
Let g = -224 + 414. What is the tens digit of g?
9
Let w(d) = -2*d**2 + 15*d + 11. Let m(o) = -5*o**2 + 45*o + 32. Let v(c) = -3*m(c) + 8*w(c). What is the tens digit of v(-13)?
1
Suppose -6*w + 250 = f - 2*w, -1090 = -4*f + 2*w. What is the units digit of f?
0
Suppose -6*k + 70 = -k. What is the tens digit of k?
1
Let x be (8/(-5))/(4/20). Let w = x - -17. Let g = w - 5. What is the units digit of g?
4
Suppose 3*n = n + 6. Suppose -l - n = -11. What is the units digit of (2 - -1)*l/6?
4
What is the hundreds digit of (-624)/(-4) + (7 - 2)?
1
Suppose -3*x - 19 = s, 2*s + 3*x + 39 = -2*x. Let m = -13 - s. What is the units digit of m?
9
Let b = -6 + 8. Suppose 3*u - 33 = -3*t + 7*u, b*t + u - 33 = 0. Suppose 50 = 5*g + t. What is the units digit of g?
7
Let v(c) = -c - 2. Let d be v(4). What is the units digit of 3/(d*(-3)/66)?
1
Let j(v) = 0 + 1 - 3*v + v + 3*v. Suppose 11 = 2*y - f, 2*y - 5 = -3*y - 5*f. What is the units digit of j(y)?
5
Let n = -5 - -9. Suppose -p + 14 = -3*o, -p - n*p + 40 = -5*o. What is the units digit of p?
5
Suppose 4*y - 4*r = 204, r + 26 = y + 5*r. What is the units digit of y?
6
Let x(k) = 7*k - 6. Let n(f) = -f**2 + f + 4. Let v be n(0). What is the tens digit of x(v)?
2
Let h(r) = -r**2 + 6*r - 2. Let t be h(6). Suppose -4*i + 5*c + 10 + 1 = 0, c = 3*i - 11. What is the units digit of (1 - t)/(3/i)?
4
Let x(n) = 61*n + 2. What is the units digit of x(1)?
3